 and o?
152
Let s = 4 + -3. Suppose 5*k = -3*z + 4*k + 17, -2*z - 7 = -3*k. Suppose -2*f = -4 - z. What is the greatest common factor of s and f?
1
Let r(d) = -12*d + 2*d**2 - 3*d - d**2 + d + 16. Suppose -3*j - 1 + 7 = 0, -2*s = 3*j - 32. Let i be r(s). What is the highest common factor of i and 21?
3
Suppose 90 = -7*c - 225. Let g = c + 93. What is the highest common factor of g and 1?
1
Suppose q + 13 = 4*j - 4, 3*j = -5*q + 30. Suppose -j*t = -704 - 416. Calculate the highest common factor of 28 and t.
28
Let v = -274 + 322. Suppose -v = 34*q - 38*q. Suppose -2*h + 0*h = -168. What is the greatest common divisor of q and h?
12
Let k(l) = 3554*l**3 - 64*l**2 + 181*l + 16. Let f be k(3). Calculate the greatest common factor of 37 and f.
37
Let z = -1308 + 1477. Let v = 88 + -23. What is the greatest common factor of z and v?
13
Let m = 372 - 148. Let r = -12 - -14. Suppose 687 = r*n + j, 916 = 2*n + 2*j + m. What is the highest common divisor of n and 31?
31
Suppose 6*f + 9 = 9. Suppose -3*c + f*u = -3*u - 33, -3*c - 2*u + 28 = 0. Calculate the greatest common factor of c and 50.
10
Let g(z) = -16*z**2 - 9. Let l(j) = 15*j**2 + 11. Let x(s) = -6*g(s) - 5*l(s). Let t be x(-1). Calculate the greatest common divisor of t and 110.
10
Let o be (-3 - (1 + -2)) + (-11 - -18). Let w(m) = -6 + 2*m + 0 + 3*m + 1. Let b be w(o). Calculate the greatest common factor of b and 4.
4
Let o(p) = 152*p**3 + p**2 - 27*p + 45. Let f be o(2). What is the greatest common divisor of f and 21?
7
Let l = 432 + 756. Calculate the highest common divisor of l and 176.
44
Let k(y) = 4*y**3 + 3*y**2. Let l be k(-2). Let i be (l - (-2)/1)*-2. What is the greatest common divisor of i and 36?
36
Suppose -3*n - 345 = -4*u, 5*u - 1444*n + 1443*n - 423 = 0. What is the highest common factor of u and 120?
12
Suppose 0 = -5*c + 3*b + 26, -2*b + 4*b = -3*c + 27. Suppose 0 = -c*h - 132 + 195. Calculate the highest common factor of h and 15.
3
Suppose -43*l + 2328 - 608 = 0. Suppose c = 4*t - 0 + 1, 5*t = -2*c + 2. Suppose -4*i - 4 + 68 = t. Calculate the highest common divisor of i and l.
8
Suppose 4*d = -b - 11 + 7, 4*d = -20. Let f = 1 - 1. Suppose 0*m - m + b = f. Calculate the greatest common divisor of 24 and m.
8
Suppose 7*z - u - 293 = 2*z, 3*u + 171 = 3*z. Suppose i - 5*w - 256 = 0, -5*i = 26*w - 29*w - 1192. Calculate the greatest common divisor of z and i.
59
Suppose 0 = 338*l - 351*l + 14105. Calculate the highest common divisor of 56 and l.
7
Suppose -68*r = -71*r + 273. Let q be (6/5)/(1 - (-6)/(-10)). Suppose -29 = -q*z + 49. Calculate the highest common divisor of r and z.
13
Suppose -3*d + 22 + 41 = 0. Suppose -5*n = -56*v + 54*v + 697, -7*v + 5*n + 2377 = 0. What is the greatest common factor of d and v?
21
Suppose -1934 = 5*x + 2*c, -3*x - 1117 = 2*c + 41. Let o be (-34)/51 - x/6. Calculate the highest common factor of 48 and o.
16
Suppose 5*b - 2*f = 2*f - 1272, -b - 5*f - 266 = 0. Let d = b - -306. Calculate the greatest common factor of 2 and d.
2
Let h = 170 + -5. Let u = 181 - h. Calculate the highest common divisor of u and 20.
4
Let i be 2/(-8) + (-3)/(-12). Suppose d + 3*f + 15 = 51, i = 4*d + f - 166. Calculate the greatest common factor of d and 12.
6
Let j(p) = p**2 + 82*p + 756. Let c be j(-73). What is the highest common factor of c and 11781?
99
Let k(c) = -c**3 + 15*c**2 - 21*c + 39. Let l be k(16). Let o = -283 - l. Calculate the highest common divisor of 10 and o.
10
Suppose 0 = -3*x + 2*j + 506 + 3445, -4*x = -2*j - 5264. Calculate the highest common divisor of 481 and x.
13
Suppose 275797 = 220*f - 225583. What is the highest common factor of 212 and f?
53
Suppose 48*u - 1280 = 18304. What is the highest common factor of 255 and u?
51
Suppose 988 + 390 = 2*u. What is the greatest common factor of 53 and u?
53
Let l(q) = -q**2 - 288*q - 4972. Let j be l(-20). Calculate the highest common divisor of 6499 and j.
97
Suppose -5*k = 3*z - 1416, 3*z + 178 - 1582 = -3*k. What is the greatest common factor of 2541 and z?
231
Suppose -173 = 4*o - 185. Suppose o*l - 744 = 1419. What is the greatest common divisor of l and 7?
7
Let b(r) = -r**2 + 10*r + 14. Let v be b(11). Let o = 1183 + -727. Suppose v*c = 84 + o. Calculate the highest common divisor of 36 and c.
36
Let y(b) = -5*b + 106. Let j be y(19). Suppose 3*a = -5*g + 100, -9*a - 56 = -j*a + 2*g. Let p = 4 - -2. Calculate the highest common divisor of p and a.
6
Suppose 4*o - 10498 = 24*r - 22*r, -r - 10499 = -4*o. What is the greatest common factor of 10 and o?
5
Let a(i) = 45*i**2 - 3*i - 7. Let j be a(-2). Suppose 111 = -4*y + 627. Suppose j = 2*k - y. Calculate the greatest common factor of k and 14.
14
Suppose 5*j - 85 = -0*y - 2*y, 3*j = 3*y - 117. Let x = 0 + y. Suppose -32 = 2*d - x. What is the greatest common divisor of 44 and d?
4
Suppose -3 = 15*d - 48. Let g be (-3)/(d - 12/5). Let v be -1 + g/5 + 9. Calculate the greatest common divisor of v and 21.
7
Let i(p) = 706*p**2 - 2606*p + 10. Let n be i(4). Calculate the highest common divisor of 846 and n.
18
Suppose r - 8*r - 21 = 0. Let q = 33 + r. Let m = 13 - 7. Calculate the highest common divisor of q and m.
6
Let v(c) = 2*c**2 + c - 1. Let t be v(5). Let u be (-7)/((-84)/(-160)) - 2/3. Let h be (48/u)/((-30)/315). Calculate the greatest common divisor of h and t.
18
Suppose 6*v = 5*v + 2. Suppose -3*j = -4*t + v*t + 125, -4*t - 245 = 5*j. Let p = 87 + j. What is the greatest common divisor of p and 14?
14
Suppose -5*p + 2*k = -0*k - 13503, 14*k = 14. What is the greatest common divisor of 73 and p?
73
Let i be 3 - (12/(-8) - 15/8*4). Let o(a) = a - 6. Let d be o(9). What is the highest common divisor of i and d?
3
Let j = -159 - -120. Let s be (-1 - j/(-12))*-4. Suppose -329 - 1048 = -9*q. Calculate the greatest common factor of s and q.
17
Let q be 14/(-21)*-3 + (-68)/(-4). Let b(m) = -67*m - 1. Let o be b(-2). What is the greatest common divisor of q and o?
19
Let f = -15 + 17. Let b be 7/((-127)/(-63) - (f - 0)). Let g be b/91 + (-2)/(-13). What is the greatest common factor of g and 35?
5
Suppose 4*t - 200 = -2*y, -4*y - 172 = -0*t - 3*t. Suppose 27 = 3*f - 6*z + z, -4*z = -4*f + 28. Calculate the greatest common factor of t and f.
4
Let s be (-237)/158*((-38)/6 + -1). Suppose -w + 6 = x, 2*w - 18 = -5*x + x. Suppose 242 = x*l - l. What is the greatest common divisor of l and s?
11
Let b(t) = -t**3 - 2*t**2 + 3*t + 11. Let k(g) = -g**2 + 2*g + 1. Let r(q) = -b(q) + 5*k(q). Let y be r(3). Calculate the greatest common divisor of y and 645.
15
Suppose -13*m + 11*m = -4*h + 4, 0 = -5*m + 4*h + 2. What is the highest common divisor of m and 346?
2
Let q(i) = 30*i**2 + 64*i + 124. Let u be q(-2). Let m = 228 + -83. What is the highest common factor of m and u?
29
Let f be (-12)/(-27) + 8212054/153. What is the highest common factor of f and 94?
94
Let i be 5*(126/15)/2. Let q(x) = 12*x - 411. Let o be q(36). Calculate the greatest common factor of o and i.
21
Let z = -261 + 414. Suppose z = 2*h - 5*p, 0*h - 2*p = 2*h - 174. What is the greatest common factor of 24 and h?
12
Suppose h - 9*u + 4*u = 234, 2*h = 5*u + 478. Let c = h + -156. Suppose -5*g - 4*p + 392 = -0*p, g - c = 4*p. Calculate the highest common factor of g and 20.
20
Let n(d) = -5*d**2 + 129*d - 213. Let b be n(24). Let j = 3 - -6. Suppose -b*i + j*i = 306. Calculate the highest common divisor of 34 and i.
17
Suppose 5*k - 5*d = 640, 0 = -2*d + 10 - 0. Let z be 249 - (k/76 + (-3)/(-12)). Calculate the highest common divisor of 13 and z.
13
Let o = -230 + 235. Let i be 3*(240/8 + o). Calculate the greatest common divisor of 150 and i.
15
Suppose -27*k - 76*k + 3390 = 609. What is the greatest common factor of k and 3141?
9
Suppose -4*b + 32*f + 1796 = 30*f, -2*f - 896 = -2*b. Let v(c) = 2*c**3 - 4*c**2 - c + 3. Let z be v(3). What is the greatest common divisor of z and b?
18
Suppose -6*k + 2 = -5*k. Suppose 4*y = -k*r + 46, -2*r - 3*r = y - 7. Let z be y + 9/12 + (-10)/(-8). What is the greatest common factor of 126 and z?
14
Let h(q) = 2*q**3 - 6*q**2 - 3*q + 6. Let g be h(6). Let f = g - 180. Calculate the greatest common factor of f and 132.
12
Suppose 6 = 4*w + 2*m, -5 + 10 = w - 3*m. Suppose 4*b - 2*b + c = 179, 0 = -w*b - 3*c + 177. What is the highest commo